 + 3
6
What is -93 - (-72 + 71 + 8 + -6 + 2)?
-96
Calculate -5 + 2 + (-17 - (-29 + 29)) + 47.
27
What is the value of 345 + -326 + (-5 - (-2 + 34))?
-18
Evaluate (281 - 306) + (2 - -6) + 1.
-16
Evaluate 7 + 0 - (33 + 48 - 90).
16
Calculate 6 - (12 + (0 - (13 + -4))).
3
Evaluate (-9803 - -9822) + (-74 - -1).
-54
-24 + (41 + -15 - 1) - 16
-15
What is the value of (260 - (89 + 139)) + 0 + 74?
106
Calculate -2 + (2 - (-7 - -5)) + (-164 - -144).
-18
Evaluate (1 + 2 - 1) + -14 + 10 - -48.
46
Calculate -17 - ((-4 + 5 - (-30 + 40)) + -53).
45
Evaluate -71 + -3 - (0 + -1) - (-38371 - -38361).
-63
Calculate -59 + 22 + 20 + 11 + (-1 - 12).
-19
Evaluate -13 - (-4 + -21) - 34 - -10 - -89.
77
Calculate (0 - -134) + (-5 + -24 - (-3 + -4)).
112
Evaluate 12 - ((92 - 20) + -72).
12
What is 4 - (8 + 5 + -3) - 2 - (3 + -53)?
42
2 + -14 - (106 + -134) - (2 + -5)
19
What is 19 + 29 + (-7 - 42) + 39?
38
Evaluate -168 + 57 + 75 - (-1 - 5).
-30
What is 31 + (-3 - (19 - (-17 + 19))) - -15?
26
Calculate 37 - 1 - (-7713 + 7770).
-21
What is the value of -73 + 97 + (0 - 74)?
-50
Calculate 46 + (-107 - -69 - -40).
48
What is -9 + -1 - (-2263 + 2202)?
51
5 - (4 + 3 + -4 + 3) - (-64 - -74)
-11
What is the value of 47 - (-5 + 129 + -81)?
4
What is 40 + -2 + (-144 - 76 - -98)?
-84
Evaluate -159 - (-128 - -115 - (-2 - 1 - -6)).
-143
What is -40 - (-126 + 66) - (60 + -1)?
-39
Evaluate -10 - (-41 + (7 - -3) - (21 + -27)).
15
52 + -4 + 7 + -4978 + 4953
30
Evaluate 23 - (31 - (30 + (-25 - -10))) - -82.
89
What is the value of -34 + (-18 - (5 - (39 + -9)))?
-27
What is -13 + -50 + 5 - -58 - (1 + 0 - 111)?
110
144 + -140 + -1 + -4 + (-3 - -11)
7
55 + 22 + (-65 - -26)
38
What is the value of -15 - ((71 - 271) + 101)?
84
-2 + -8 + 19 + -73 - (-25 + 12)
-51
What is the value of (13 - 11 - 7) + 6 - 1 - -23?
23
(-133 - -36 - 62) + 95
-64
43 + 46 + -140 + 5
-46
What is 85 + -135 + 76 + -27?
-1
What is the value of 192 + -45 + -22 + (-20 - (-6 + -5))?
116
What is the value of 52 - (-6 + (12 - (33 - 22)))?
57
Calculate -2 - (41 - (-1 - (6 - (15 + -19)))).
-54
What is (-22 + 9 - -27) + -1 - 7?
6
Evaluate -120 - (-18 - 30) - 48.
-120
What is (21 - (43 - 18) - 1 - (-10 + 1)) + 50?
54
Calculate 9 - (64 - (-18 + 11 + 10)).
-52
6745 + -6685 + (1 - 103)
-42
88 + -59 + 89 + -47
71
What is the value of 1 - -26 - (26 + 56 - 41)?
-14
Evaluate -24 + -2 + 1 + 28 + -23 + -8 + 4.
-24
Evaluate -139 + 119 + (78 - 9).
49
-143 - (150 + 73 + -308)
-58
Calculate 176 - 188 - (-69 + 8 + 10).
39
What is 114 - (-14 - (-2 + (-23 - -17) + -7))?
113
Calculate 80 - ((-292 - -299) + (0 - 2) + -14).
89
-50 + (28 - 45) + 21
-46
Calculate 5 - (-1 + 1 + 12 + 1) - (0 - 27).
19
-14 + (7 - (94 - 49))
-52
Evaluate -11 - (-57 - 13) - (-26 + 24) - -6.
67
Evaluate -26 + 0 - (-57 - (2 - 1) - -43).
-11
What is the value of (-6 - 16) + 271 + -218?
31
Calculate 4 + 2 + -20 + -150 + 143 + 0.
-21
Evaluate -4 + -22 - (-94 + 87 + -26).
7
(-21 - (-19 + 13 + -9 + 4)) + 45
35
Calculate ((-7 - 2) + (-2 - -6) - -16) + -670 + 677.
18
48 + -26 - (26 + -15 - (0 + 9))
20
What is the value of -25 + 18 + -37 + 39?
-5
Calculate (-1 - (-18 + 14 + -11)) + (8 - 18).
4
What is (16 - (-1 - -2)) + -721 + 715 - 11?
-2
What is 28 - (-12 + (30 - 8) + -1) - (-7 - 1)?
27
0 + 13 + 4 - (67 + -48 - 39)
37
-2 - -2 - -9 - (23 + -25) - (-413 + 351)
73
What is -9 + 18 + -18 + -13 + 4?
-18
-23 + 24 + -6 + 15 + -7
3
What is the value of (-35 - (-5 - 6 - 0)) + 32?
8
Evaluate 93 + (-3 + 14 + -14 + 25 - 14).
101
-35 - (-26 + -17 + -11 + 25)
-6
-21 + (39 - 1) - 38
-21
Evaluate (-1 - 0) + -19 + 202 + -76 + -116.
-10
Calculate -29 - (1 - 2 - 1) - (-93 + 94 + 0).
-28
Calculate (-10 + 0 + 2 + 15 - 7) + (-15 - -43).
28
Evaluate (-105 - -149) + -6 + -1 + 1.
38
Evaluate (2 - (5 + -5 + 4)) + (-44 - (57 - 161)).
58
(-102 - (26 + (28 - 44))) + 2
-110
Evaluate -23 + 19 + -22 + (52 - 21) + -33.
-28
What is (10 + 5 - 5 - (-195 + 200)) + -58?
-53
What is 42 - ((-23 - 0) + 17 + (20 - 1))?
29
What is the value of (20 - 6) + -3 + -20 + (-5 - -14)?
0
What is the value of -14 + -12 + 36 + (-12 - 0) + -31?
-33
What is -96 + 16 - (-6 - -2)?
-76
Calculate 70 + 19 - 44 - (0 + -1 - 3).
49
Evaluate (-155 - -346 - 216) + 33 + 1.
9
What is 126 + -59 + 0 + -136?
-69
What is the value of (10 - (-4 + 5 - (2 + 11 + -12))) + 18?
28
What is 24 - (-20 - (5 - 5))?
44
(38 + -46 - (-3 + 1) - 6) + -5
-17
Calculate 7 - 17 - (-20 + -1) - (11 - 2).
2
(25 - 16) + (0 - 19) - (-6 - 3)
-1
What is -80 - ((7 - (-9 + 18)) + -22 + 10)?
-66
(-17 - 61) + -7 + 2 + 13
-70
What is the value of 86 + -6 + (-15 - 15)?
50
Evaluate (63 - 55) + -35 + 7.
-20
Evaluate 88 - (-90 + 221) - (-3 + -4 - -2).
-38
What is 90 + -3 + 52 + -50 + (-11 - 0) + 13?
91
Evaluate 265 + -265 - ((-2 - -29) + -4 - 1).
-22
Calculate 57 + -35 + 111 + -52.
81
What is (-79 - -120 - (4 + -62)) + (2 + 0 - -6)?
107
-275 + 3 + (-1393 - -1547)
-118
What is the value of -11 + -38 + (17 - (-4 + 11))?
-39
21 + (35 - (72 - 46))
30
What is the value of 0 + -11 + 90 + -85 - (-15 - (61 + -11))?
59
-31 + 14 - -24 - -24 - 129
-98
What is the value of -3 - 10 - 25 - -20?
-18
Calculate 5 + -2 + 8 + -1 + 40 + -11.
39
Calculate 193 + -138 + (-3 - 26).
26
Calculate 18 - 37 - (-13 + -11).
5
What is the value of 3 - 1 - 3 - (-94 + 97) - 13?
-17
Calculate (19 + -23 + 2 - -42) + -9.
31
Evaluate -4790 + 4736 - (-1 - 113).
60
What is -69 + 78 + -11 + -1 + 2 - 41?
-42
Evaluate (12 - -1) + -19 + (-18 - -1).
-23
What is the value of 38 + 0 - (-76 - (109 - 223))?
0
-15 - (-4 - (81 + (-34 - -25))) - -20
81
Calculate 1 + -4 - 45 - 3 - (-2 + (0 - 1)).
-48
What is -17 + 27 + 59 + -62?
7
What is -1964 + 1927 - (-135 + -5 - -4)?
99
Calculate (359 - 316) + (0 + 2 - (4 + 0)).
41
45 + -140 + 46 + 30
-19
-23 + 10 + -7 + (1 - -2 - 82)
-99
Evaluate 0 - 1 - 1 - 8 - (-34 - -21 - 11).
14
What is (-25 - 52 - -63) + 51 + -5?
32
Calculate 17 + (-13 - -12) - (-19 + 31).
4
Calculate 16 + (-47 - (-57 - -67)).
-41
Calculate (11 - 2) + -10 + (8 + -3 - -10) + -7.
7
Evaluate -6 - 0 - ((-4 - -4) + 0 - 6) - -45.
45
Calculate -7 - (1 + -7 - (-27 - -21)) - (125 - 134).
2
Calculate -8 - (49 + -30 + -23).
-4
(-10 - (-7 - 4)) + 7 + (14 - 22)
0
(-1 - -15) + (-41 - (-207 + 147))
33
-38 + (0 - 0) - (972 - 914 - (56 + 3))
-37
Evaluate 33 + -60 + -4 - -72.
41
(3 + -6 - (3 + 2)) + (76 - 46 - 84)
-62
Evaluate 75 - (-35 + 127 + -63).
46
0 + 2 + 9 + 1144 + -1163 - (0 + -72)
64
Evaluate -24 + (12 - 68) + -15 + 37.
-58
Evaluate 101 + -54 - 36 - (88 + -3).
-74
What is the value of (34 - (-31 + -38 + 76)) + -42?
-15
(104 - 44) + -49 - 8
3
(-31 - -16) + 30 + (-1 - 7) + 5 + -102
-90
What is 13 + 1 + 11 + (-45 + 25 - -56) + -9?
52
Evaluate (-63 - -118) + -30 + -2 - 1.
22
-37 + -41 - (-2 + 6 + 7) - -14
-75
Calculate -22 + -81 + 77 + (9 - -3).
-14
Evaluate -4 - -29 - (7 + -4 + 2) - (-133 - -124).
29
What is the value of (-4 - 37) + 7 - -21 - ((-83 - -1) + -1)?
70
7 - (11 + -11 + 11) - (13 + -5)
-12
What is 2 - (11 + -26) - (116 + -4 + 14)?
-109
Evaluate 13 + 9 + 0 + (50 - 110).
-38
What is 42 + (-42 - -23) + (18 - -2)?
43
-91 + 153 + (-18 - 19)
25
What is the value of (1 + 7 - (4 + -3)) + (1 - 9 - -51)?
50
Calculate 88 - 156 - 42 - -114.
4
Calculate 1 + 12 + -98 + 114 + -2 + 21 + 3.
51
Calculate 4 - (-12 + -10 + 18 + 19 - -23).
-34
What is the value of 0 + 0 + -6 - (-4 + (22 - 31 - -49))?
-42
Evaluate (46 - 30 - (-1 + 1)) + (-4 - 54).
-42
What is the value of (25 - ((2 - -23) + -13)) + -5?
8
What is -10 + -67 - (21 + -5 + 22 - 21)?
-94
Calculate 10296 + -10358 + -30 + (-4 - -3).
-93
What is the value of (-51 - (8 + -6)) + ((-6 - 2) + 14 - 9)?
-56
(149 - 142) + 24 + -14 + 14
31
What is the value of (-1606 - -1566) + (0 - -27)?
-13
Calculate (-22 - (21 + 5 + -32)) + -35.
-51
What is the value of -72 - (-9 - (106 + -73))?
-30
What is -97 + (32 - -14) + 9?
-42
Calculate (-2 - (-13 + 12) - (-23 + 8)) + -45.
-31
Calculate -16 + -34 + 52 + -1.
1
Evaluate 344 - 374 - (-9 - (-4 + 7 + -32)).
-50
Evaluate 4 + (-3 - 0) - 0 - ((130 - 39) + -190).
100
What is the value of 0 + 143 - (-18963 + 19025)?
81
What is -37 - ((-78 - 1) + 108)?
-66
Evaluate -14 - -14 - (1 + -9 + -12 + 4).
16
What is -1638 + 1614 + (0 - -15)?
-9
Evaluate (-15 - 7) + 22 + 34 + -17 + 137.
154
Calculate 45 + (609 - 578 - (-2 + 14)).
64
What is the value of -108 - (-1 - 153) - 